 c(p). List the prime factors of f(6).
2
Let j be (-2)/(-2) - 2/(-1). Suppose j*d - 28 = -d. List the prime factors of d.
7
Suppose 4*k - 4 = 4*q, 5*k - 3*k - 3*q + 3 = 0. Let g = 11 - k. Let a = -1 + g. What are the prime factors of a?
2
Let w = -21 + 9. Let d = -10 - w. List the prime factors of d.
2
Suppose 4*m = -5*a + 11, 2*m - 3*a - 15 = -m. Suppose -5*d = g - 7, -2*g - m*d = -7 - 31. List the prime factors of g.
3
Let t = 29 - 6. Let p(l) = l**3 - 4*l**2 + l + 3. Let v be p(5). Let w = v - t. List the prime factors of w.
2, 5
What are the prime factors of 117 + ((-2 - 1) + 1 - -1)?
2, 29
Let s(z) = 2*z**2 + 7*z - 3. What are the prime factors of s(-6)?
3
Let c(i) = -2*i**3 + 18*i**2 - 8*i - 11. List the prime factors of c(8).
53
Suppose 4*u = 2*j + 36, u + 1 = -0*u - 2*j. Let s = 19 - u. What are the prime factors of s?
2, 3
Suppose 4*p + 3*w = -0*p + 785, -3*p - 3*w = -585. What are the prime factors of p?
2, 5
List the prime factors of (-6 + 2)/((-16)/28).
7
Let g(x) = x**2 + x + 10. Let q(r) = -8*r. Let k be q(1). Let b be g(k). Suppose 0 = 5*s - d - b, 3*d - 90 = -5*s - 8. What are the prime factors of s?
2, 7
Suppose 3*z = -3*y - 0*z + 6, y + 7 = -4*z. Suppose -y*i = -i - 8. Let a = 9 + i. List the prime factors of a.
11
Suppose -7 = -4*r + 13. Suppose -20 = -5*d + 5. Suppose -55 = -d*b - r*k - 0*k, 2*k + 20 = 5*b. List the prime factors of b.
2, 3
Suppose 4*a = 114 - 34. Suppose -5*w = 2*j + 1 - 29, 3*w + 2*j = a. What are the prime factors of w?
2
Suppose 3*g = -2*i - 0*g - 8, 0 = -2*i - 5*g - 16. What are the prime factors of 2 + (-4 - i)/(-1)?
2
Let h be 1/(-2) + 18/4. Let o = 7 - h. Suppose -32 = -o*f + 13. What are the prime factors of f?
3, 5
Let t(h) = 2*h**2 + 3*h - 7. List the prime factors of t(-7).
2, 5, 7
Suppose 2*r + 7 = 5*f, 0*r = -5*r - 3*f + 29. Suppose -3 + r = -i. Let a = 8 + i. What are the prime factors of a?
7
List the prime factors of ((3/(-2))/3)/(5/(-30)).
3
Let k(v) = v**2 + 5*v + 1. List the prime factors of k(6).
67
List the prime factors of (4 - (-390)/8) + 2/8.
53
Let a = -17 - -11. List the prime factors of 429/(-22)*4/a.
13
Suppose -4*w + 3*v + 82 = -0*w, -4*v - 46 = -2*w. What are the prime factors of w?
19
Suppose 0 = -67*b + 70*b - 201. List the prime factors of b.
67
Let s(q) = -3*q**2 + 28. List the prime factors of s(0).
2, 7
Suppose -136 = -7*j + 3*j. List the prime factors of j.
2, 17
Let x(o) = -4*o**2 - 4*o**3 + 7*o**3 - o**2 - 2*o**3 + 7. Let r be 2/4 - 18/(-4). What are the prime factors of x(r)?
7
Suppose 3*q = -2*q + o + 167, -5*o = 3*q - 89. What are the prime factors of q?
3, 11
Let y be ((-8)/4)/(1/4). Let c be (3/2)/(2/y). Let h = 6 - c. List the prime factors of h.
2, 3
Suppose -4*h + 4*w + 4 = 0, 3*h = 2*h - w - 1. Suppose -o + l + 29 = h, 3*l - 38 = -2*o - 0*o. List the prime factors of o.
5
Suppose 3 = -2*v - 5. Let i be (0 + v)/((-4)/2). Suppose -4*l - 10 = -i*d - 62, l = -3*d + 6. What are the prime factors of l?
2, 3
Let a(w) = 2*w**2 + 10*w + 3. Suppose 0 = -2*i - 16 + 2. What are the prime factors of a(i)?
31
Let s = 98 - 52. List the prime factors of s.
2, 23
Let m(f) = 2*f - 1. Let l be m(2). Suppose l*i = -0*i + 4*n, 2*n - 2 = i. Let r = -2 + i. List the prime factors of r.
2
Suppose 0 = 8*j - 4*j + 92. Let n = j - -31. What are the prime factors of n?
2
Let k = -117 + 79. Let o = -23 - k. List the prime factors of o.
3, 5
Suppose q - 6*q + 90 = 0. Suppose 0 = -3*y + 24 + q. List the prime factors of y.
2, 7
Suppose 4*y - 127 = -3*i, -25 - 153 = -4*i - y. What are the prime factors of i?
3, 5
Suppose 0 = -3*h - h + 16. List the prime factors of (-78)/h*2/(-3).
13
Suppose 75 - 291 = -3*g. What are the prime factors of g?
2, 3
List the prime factors of ((-6)/4 + 1)*-18.
3
Suppose -q + 367 - 93 = 0. What are the prime factors of q?
2, 137
Suppose -3 = 2*b - 3*b. Let v(z) = -z + 4*z**2 - 6*z**2 + 4*z**2 - 2. What are the prime factors of v(b)?
13
What are the prime factors of (-26)/8*(-1 - 3)?
13
Suppose 5*a - 166 = -6. What are the prime factors of a?
2
Suppose q - 2*z = -8, 5*q - 27 = 4*q - 5*z. Suppose 120 = q*y - 16. Suppose -5*d = -4*u + y, 4*d - 38 = -2*u + u. List the prime factors of u.
2, 11
Let a = -6 + 9. Suppose 120 = a*j + j. List the prime factors of j.
2, 3, 5
Let z(b) = b**3 + 4*b**2 - 7*b - 6. What are the prime factors of z(-4)?
2, 11
Let u(q) = -q**2 + 8*q - 9. Let y be u(7). What are the prime factors of 274/8 - y/(-8)?
2, 17
Suppose 0 = 2*o - 72. List the prime factors of o.
2, 3
Suppose 4*n - 3 = -11. Suppose 2*f - 44 = 4*q, -2*f + 48 = -5*q - 3*f. List the prime factors of -1 + q*1/n.
2
Let f be 8/6*(-4 + -2). Let z = -5 - f. List the prime factors of z.
3
Suppose 163 + 149 = 2*f. List the prime factors of (3/(-9))/((-2)/f).
2, 13
Let z(k) = 2*k**2 - 5*k + 2. Let u be z(4). Suppose -2*h + 16 = -5*c - u, h - 2*c = 17. Let m = h - 9. What are the prime factors of m?
2
Let u be -2*(-2 + (-10)/(-4)). What are the prime factors of 95/3 - u/3?
2
Let v(i) = -11*i**3 + 6*i**2 + 8*i + 3. What are the prime factors of v(-2)?
3, 11
Let n be 5 + (-3 + 3 - 0). Suppose -2*s - 81 = -n*s. What are the prime factors of s?
3
Suppose 3*l - 2*f + 4 = 5*l, -2*l - 3 = -5*f. Let k(t) = -t - 11 - t + l. What are the prime factors of k(-7)?
2
Let n(x) = x**2 + 3*x + 5. Let j be n(-6). Suppose -2*v + 11 = -j. What are the prime factors of v?
17
Let d(p) = -p**3 + 7*p**2 + 2*p - 10. Let u be d(7). Suppose -u*n + 62 = 5*x, -5*n + 23 + 38 = -2*x. What are the prime factors of n?
13
Suppose m - 5 = -0*m + v, 37 = 5*m + v. What are the prime factors of m?
7
Let i = -28 - -48. What are the prime factors of i?
2, 5
Let j be 1 + 1 + 9/(-1). Let p be (-8)/(-3)*(-36)/(-8). Let m = p + j. List the prime factors of m.
5
Suppose 2*d - 6*d - 20 = 0, 4*d + 50 = 5*c. Suppose -3*f + 3*y + 36 = 0, 14 = f + c*y - 5*y. List the prime factors of f.
13
Let z(j) = -4 + j**3 + 3*j + 9 - 2*j. Let c be z(0). Suppose 47 = 4*b + 2*m + c, b - 3*m = 0. What are the prime factors of b?
3
Suppose 6*a = 2*a - 12. Let h be 1/(a/(3*-2)). Suppose 5*f = p + 12, 4 = 3*f + h*p + 2. List the prime factors of f.
2
Suppose -46 = -2*i + 96. List the prime factors of i.
71
Let f = 11 - 15. Let h = 12 - f. List the prime factors of h.
2
Let p(w) = -61*w - 22. What are the prime factors of p(-4)?
2, 3, 37
Let m = -22 + 49. List the prime factors of m.
3
Let m(h) = -5 - 3 - 3*h + 8*h. List the prime factors of m(7).
3
Suppose h + 3 = -2*l + 10, 2*l = 2*h + 22. Let u be (l/(-4))/(18/48). List the prime factors of (-4)/u*15*1.
3, 5
Let n = -124 + 313. Suppose 4*g - n = 3*a, 12 + 0 = -4*a. What are the prime factors of g?
3, 5
Suppose -v + 3*m = 4 + 10, -m = v - 6. Let z be (14 - v)/((-1)/(-4)). Suppose o + 3*o = z. What are the prime factors of o?
13
Suppose -3*a + 120 = -5*n - 2*a, -4*a = 4*n + 96. Let b = -1 - n. What are the prime factors of b?
23
Let k = -2 + -1. Let u(m) = -10*m - 4. List the prime factors of u(k).
2, 13
Let q = 8 + -16. Let l = q + 16. What are the prime factors of l?
2
Suppose 26*u - 23*u = 105. List the prime factors of u.
5, 7
Let m = 16 - 9. Suppose -2*c - 154 = -4*n + n, n + c = 53. Suppose -m*d = -3*d + 4*j - n, 3*d = j + 23. What are the prime factors of d?
3
Suppose 0*f + 130 = 5*f. Let d = f - 13. What are the prime factors of d?
13
Suppose 2*h - 4*h = 4, h + 50 = 4*p. List the prime factors of p.
2, 3
Suppose 0 = 2*p + r + 7, -3*p - 4*r - 1 - 2 = 0. Let q(k) = -2*k - 2. What are the prime factors of q(p)?
2
Let r be (-16)/6*3/(-2). Let x(l) = l**2 - l - 3. List the prime factors of x(r).
3
Let i = 15 + -6. Suppose 0 = i*r - 14*r + 85. List the prime factors of r.
17
Suppose 5*t = -b - 63, 0*t = 3*b + 2*t + 150. What are the prime factors of (-2)/(-12) - 1240/b?
2, 13
Let g(i) = -i + 10. List the prime factors of g(0).
2, 5
Let f(d) be the second derivative of -d**3/6 - 2*d. Let n be f(-2). Suppose -11 = -i - n. List the prime factors of i.
3
Suppose 1 - 93 = -2*d. List the prime factors of d.
2, 23
Suppose 12 = -4*j + 7*j. Let d = -1 + j. List the prime factors of d.
3
Suppose 0 = -3*w + 2*t + 59, 0 = 2*w - 5*t - 26 - 6. Suppose 4*n - w = -d, 6 = -2*n + 5*n. What are the prime factors of d?
13
Let m(r) = -r**3 - 8*r**2 - 5*r + 3. What are the prime factors of m(-8)?
43
Suppose -2*g + 182